*z**2. Give u(h).
-3
Let p(d) be the third derivative of d**5/60 - d**4/24 - 2*d**3/3 - d**2. Let u = 7 - 2. Let i = u - 2. What is p(i)?
2
Let u(k) = -3*k**2 - k + 1. Let t be u(-2). Let s(i) = 2*i**3 + i**2 - 9*i - 7. Let q(c) = c**3 + c**2 - 4*c - 3. Let f(y) = t*q(y) + 4*s(y). What is f(-5)?
-1
Let i be 3/(-9) + (-7)/(-3). Suppose i*z - z = 0. Let o(c) be the third derivative of -c**5/60 + c**4/24 - 2*c**3/3 - 2*c**2. Give o(z).
-4
Let y(l) = 5*l**2 + l + 1. Let n = 1 + -4. Let d be 1/(-2) - n/(-6). Give y(d).
5
Let c = 3 + -2. Let l(p) = 8*p + 5. Let o(z) = -12*z - 8. Let i(n) = -8*l(n) - 5*o(n). What is i(c)?
-4
Let c(y) = y**3 - 7*y**2 + 8*y - 7. Let x be c(6). Let t(p) = -6*p**2 - 6*p - 5. Let g(f) = 7*f**2 + 7*f + 6. Let o(a) = x*g(a) + 6*t(a). Determine o(-3).
-6
Let q(i) be the second derivative of i**7/840 + i**6/60 - i**5/120 - i**3 - 7*i. Let g(t) be the second derivative of q(t). What is g(-6)?
6
Let i = -71 - -66. Let c(d) = 3*d + 6. What is c(i)?
-9
Let x(z) = -z + 6. Let s be x(0). Let v(l) = l**3 - 7*l**2 + 6*l + 2. What is v(s)?
2
Let g(b) = 2*b + 2. Let y(s) = -s**3 - 3*s**2 + s + 4. Let z be y(-2). Determine g(z).
-2
Let g = 6 + -13. Let f(l) = -l**3 - 6*l**2 + 6*l - 5. What is f(g)?
2
Let c be (-1*4)/(-4)*-1. Let u(q) be the third derivative of -q**5/40 + q**3/6 + q**2. Let n(d) be the first derivative of u(d). Give n(c).
3
Let u(z) = -z**3 + z**2 + 4*z. Let x(a) = -a**3 + 4*a**2 + 7*a - 5. Let t be x(5). Suppose 0 = t*f - 4 - 11. Determine u(f).
-6
Let f(r) = -2*r + 6. Let b be 4 - (-11)/(44/16). Calculate f(b).
-10
Let i be (8 + -5)*(-5)/(-5). Let t(l) be the third derivative of -1/24*l**4 + i*l**2 + 0*l**3 + 0 + 0*l + 1/60*l**5. Calculate t(0).
0
Let u(b) = b + 6. Let q(r) = r - 3. Let g(i) = -2 - i**2 - 3*i + 5 - i**2 - 4. Let y be g(-2). Let s be q(y). Calculate u(s).
0
Suppose -14 = -4*y + 22. Suppose 4*l + 4*t - y - 3 = 0, 2*l - 20 = 5*t. Let a(z) = 2*z**2 + l - 4 + z - 7*z**2. Determine a(-1).
-5
Let y = 31 - 3. Suppose -5*x - 2 = y. Let w(m) = -m - 3. Calculate w(x).
3
Suppose -v = -12 + 4. Let i(p) = -6 - 3*p + v - 3. What is i(-3)?
8
Suppose 2*g - 4 = 4*n + 18, -3*n = 3*g + 3. Let v(s) = -3*s + 1. Let b(j) = -2*j. Let t = 2 - -1. Let f(k) = n*b(k) + t*v(k). What is f(-3)?
6
Let r = -10 + 12. Let u(k) be the second derivative of 1/6*k**3 + 0 + 2*k + k**r. Give u(-3).
-1
Let u(l) = -4*l. Let b be 4/6 - 14/(-6). Suppose 3*h = 7*h. Suppose -2*p - b = -2*w + 3*p, w - 5*p - 4 = h. Give u(w).
4
Let o(x) = -x**3 - 2*x**2 - 2*x - 2. Let m = -12 + 10. Let q be o(m). Let y(c) = 2*c**2 - c + 1. Determine y(q).
7
Let u(g) be the second derivative of 0 - 4*g - 1/6*g**4 - 1/6*g**3 - g**2 + 1/15*g**5 + 1/120*g**6. Let k(y) be the first derivative of u(y). Determine k(-5).
-6
Let o be (-152)/(-48) - (-2)/(-12). Suppose o*r = -r. Let p(m) = -m**2 - m - 4. What is p(r)?
-4
Let d(y) = y + 1. Let r(o) = -10*o - 5. Let p(a) = -5*d(a) - r(a). Give p(-2).
-10
Let o(z) = z**3 - 6*z**2 + 8*z - 22. Let p be o(5). Let x(b) = -b**2 - 8*b - 4. Calculate x(p).
3
Let q(x) be the third derivative of x**9/60480 - x**8/3360 + x**7/720 - x**6/240 - x**5/30 - 4*x**2. Let r(o) be the third derivative of q(o). Determine r(5).
7
Suppose -3 = -f + 3. Suppose f*v + 15 = v. Let q(j) = 2*j + j**3 - 4*j - 2*j + j**2 + j + 4. Calculate q(v).
-5
Let r(f) = f + 12. Let k be r(-9). Let h(w) = -6*w + 0*w + w**2 + 3 - 2 + k. What is h(4)?
-4
Let r(v) be the third derivative of -v**5/30 - v**4/8 + v**3/6 - 5*v**2. Let w be (2 + 1)/(1 - 2). Give r(w).
-8
Let j(k) = -k**3 - 2*k**2 - 4*k - 3. Let l(m) = -2*m + 21. Let w be l(12). Determine j(w).
18
Let u = -4 - -7. Let d(a) = -3*a**2 + 0*a**3 + 2*a**3 + 3*a - a**u - 3. Suppose 5*s + 9 = 3*x, -3*x + 11 - 2 = -3*s. Give d(x).
6
Let i(j) = 2*j - 2. Suppose 2*r = 3*u - 10, 4*u - 4 = 5*r + 7. Suppose z + 16 = 4*p, 0 = -p + u + 1. Determine i(z).
6
Let v be -1 - (1 + (2 - 10)). Let u be (1/2)/(3/18). Suppose -p = -u*p + v. Let g(s) = s**3 - 3*s**2 + 3. Determine g(p).
3
Let x(d) = 11*d**2 - 6 - d**3 - 2*d**2 - 2*d**2 + 2*d. Let k be ((-104)/(-78))/(4/21). Calculate x(k).
8
Let p(r) be the first derivative of -r**4/4 + 2*r**3 + 7*r + 1. Let h(a) = 5*a**3 - 25*a**2 - 29. Let x(t) = 2*h(t) + 9*p(t). What is x(-4)?
5
Suppose s + 2 = -3*i, -i = 2*i - 4*s - 23. Let b(z) = -z**3 + z**2 + 2*z - 1. Determine b(i).
1
Suppose 5*u - 1 = -6. Let q be 4 + (3 - 1)*u. Let c(d) = -4*d**q + d**3 - 2*d + 4*d**2 + 0*d. What is c(2)?
4
Let g(m) = -m - 10. Let h(k) = 8*k + 31. Let s be h(-5). What is g(s)?
-1
Suppose -4*z + z + 18 = 0. Let q(v) be the first derivative of -v**3/3 + 7*v**2/2 - 40. What is q(z)?
6
Let y(o) = -o**2 - 2*o + 2. Let p = 55 - 58. What is y(p)?
-1
Let q(j) = -j - 8. Let z(m) = -m**3 - 7*m**2 - 6*m - 6. Suppose 5*u + 12 - 2 = 0. Let v be (1/u)/(3/36). Let a be z(v). Determine q(a).
-2
Let b(d) = d**2 + 7*d + 4. Let h(w) = 0*w**2 + 3 - 6*w - w**2 - 5*w + 3*w. Let z be h(-8). Let t(x) = -x**2 - 7*x - 4. Let l(m) = z*t(m) + 4*b(m). Give l(-4).
-8
Let h = -7 + 11. Let n(r) be the third derivative of -r**6/120 + r**5/12 - r**4/6 + 5*r**3/6 - 21*r**2. What is n(h)?
5
Let b = -4/35 + 43/70. Let y(x) be the first derivative of -4*x + b*x**2 + 2. Give y(5).
1
Let c(i) = 14*i**2 - i. Suppose -5 = 2*p + 3*y, 0*p = p - 5*y - 4. Let a(x) be the first derivative of -x**3/3 + 1. Let m(s) = p*c(s) - 6*a(s). Calculate m(1).
-7
Let x(u) be the first derivative of -u**5/60 + u**4/12 + 3*u**2/2 + 1. Let t(i) be the second derivative of x(i). Give t(2).
0
Let u(b) = 4*b**2 + b - 6. Let i(o) = o**2 + 1. Let p(j) = -5*i(j) - u(j). Let q = 6 + -6. Let x be 0 + (1 - q) + 0. What is p(x)?
-9
Let x = 2 + 0. Suppose -6 = -x*j + 14. Let g = 5 - j. Let h(t) = -t - 6. Determine h(g).
-1
Let f(y) = -3*y**3 + y**2 - y + 1. Suppose 0 = -5*g - 4 + 39. Let o(b) = b**2 - 8*b + 8. Let r be o(g). What is f(r)?
-2
Let c(s) = -20*s + 19. Let v(n) be the second derivative of -7*n**3/6 + 3*n**2 + 8*n. Let q(u) = -6*c(u) + 17*v(u). What is q(0)?
-12
Let d(v) = 2*v**3 - 6*v**2 - 5*v + 3. Let p(m) = -3*m**3 + 9*m**2 + 7*m - 4. Let l(q) = -7*d(q) - 5*p(q). Let n = 11 + -9. Determine l(n).
-5
Let v = -10 + 8. Let j(a) = -16*a**3 - 16*a**2 + 11. Let n(w) = -3*w**3 - 3*w**2 + 2. Let x(m) = -2*j(m) + 11*n(m). Calculate x(v).
4
Let t(h) be the third derivative of h**5/60 + h**4/4 + h**3/3 - h**2. Calculate t(-7).
9
Let b = -6 + 12. Let a = b + 0. Let x(m) = m**3 - 5*m**2 - 5*m - 5. Give x(a).
1
Let z(h) be the second derivative of -1/6*h**3 - 1/20*h**5 + 0 - 6*h - 3/2*h**2 + 1/2*h**4. Calculate z(6).
-9
Let w(b) = -5 - 8 + b + 2*b + 6. Give w(5).
8
Let l(c) = -c**2 + c + 1. Let n(a) = -4*a**2 + a + 10. Let m(p) = -5*l(p) + n(p). What is m(4)?
5
Let j(s) = -6*s**2 + 6*s**3 - 2*s - 5*s**3 + 9*s + 0*s**3 - 4. Calculate j(5).
6
Suppose -q + 3 = 0, -q - q = 2*z. Let x(r) = r**3 + 4*r**2 + 3. Give x(z).
12
Let k(y) = y**2 + 4*y + 3. Let a = -3 - 0. Give k(a).
0
Let d(b) be the third derivative of -b**6/120 + b**5/15 - b**4/24 + b**2. Suppose -5*k + 8 = -k. Suppose k*u - 5 = -v, 4*u - 2*v - 25 + 3 = 0. Give d(u).
-4
Let z be 46/(-14) - 2/(-7). Suppose -5*w + 25 = 0, 0 = 6*i - i - 4*w + 10. Let j(l) = -i*l + 1 + l + 0. Determine j(z).
4
Let h(p) be the second derivative of p**4/12 + 2*p**3/3 + 2*p**2 + 6*p. Give h(-3).
1
Let z be (-1)/(-3 - 32/(-10)). Let w(t) = 6*t**3 - 3*t**2 - 2*t - 2. Let s(a) = 7*a**3 - 4*a**2 - 2*a - 2. Let v(h) = z*w(h) + 4*s(h). Calculate v(-2).
10
Let v(x) be the second derivative of x**5/20 + 4*x**2 - 8*x. Determine v(0).
8
Let n(j) = -j**2 - j. Suppose 5*q - 10 = -0. Suppose 4*w + 13 = 5*m, q = 4*m - 0*w + w. Determine n(m).
-2
Let p be (2 + -6 + 3)*-3. Let n(x) = 3*x**p - 2*x**2 - 5*x**3 + 2*x - 3*x**3 - 1. Suppose -2*a - 2 = -4*a. Calculate n(a).
-6
Let t(n) = -7*n + 2*n + 8 + 4*n - 4. Calculate t(6).
-2
Let w(a) = -a**3 - 6*a**2 - 2*a - 9. Let h be (-2)/(-6) + 20/12. Suppose -4*g + 22 = -5*l, 3*g + 2*g + 22 = -h*l. Calculate w(l).
3
Suppose 0 = -3*f + 8 - 32. Let k(y) = -y**2 - 7*y - 3. Give k(f).
-11
Let j(a) = -a + 4. Let f be 0*(-4)/((-16)/(-2)). What is j(f)?
4
Let c = -17 + 15. Let y(o) = -2*o + 1. What is y(c)?
5
Let x(g) = 2*g + 6. Let d be x(-5). Let m be 1 - 2 - (d - -1). Let z(i) = -i**m + 2*i - i - i**2 + 0*i**2. Give z(1).
-1
Let